 145318023?
3, 17, 19, 877
What are the prime factors of 1970949782?
2, 985474891
List the prime factors of 1578644496.
2, 3, 11, 13, 31, 2473
List the prime factors of 3116299541.
30809, 101149
List the prime factors of 892223433.
3, 99135937
List the prime factors of 47285762.
2, 353, 66977
List the prime factors of 1925335359.
3, 23, 41, 75619
What are the prime factors of 27743027?
13, 2134079
What are the prime factors of 6133701?
3, 7, 292081
What are the prime factors of 109523964?
2, 3, 11, 829727
What are the prime factors of 4402192065?
3, 5, 23, 397, 32141
What are the prime factors of 486262368?
2, 3, 1688411
List the prime factors of 4599066988.
2, 1149766747
List the prime factors of 682692081.
3, 173, 1315399
List the prime factors of 29453766.
2, 3, 4908961
List the prime factors of 389703277.
37, 1459, 7219
What are the prime factors of 34937588?
2, 7, 397, 449
What are the prime factors of 1793197511?
7, 31, 8263583
What are the prime factors of 35652433?
35652433
List the prime factors of 260048471.
197, 359, 3677
List the prime factors of 1452422549.
631, 2301779
What are the prime factors of 131142892?
2, 191, 171653
List the prime factors of 579750437.
7, 31, 2671661
List the prime factors of 80745802.
2, 29, 257, 5417
List the prime factors of 132841640.
2, 5, 41, 81001
What are the prime factors of 262255176?
2, 3, 19, 191707
List the prime factors of 224312645.
5, 44862529
What are the prime factors of 25981292?
2, 6495323
List the prime factors of 25121330.
2, 5, 13, 173, 1117
What are the prime factors of 3134689063?
11, 3853, 73961
What are the prime factors of 113779655?
5, 11, 191, 10831
What are the prime factors of 6318696?
2, 3, 17, 911
What are the prime factors of 159320745?
3, 5, 3540461
List the prime factors of 589779904.
2, 7, 467, 2819
List the prime factors of 2944893433.
863, 3412391
What are the prime factors of 6161132588?
2, 13, 17, 6969607
What are the prime factors of 474198777?
3, 13, 829, 4889
List the prime factors of 227285.
5, 131, 347
What are the prime factors of 342144300?
2, 3, 5, 181, 6301
What are the prime factors of 477261513?
3, 19, 919, 3037
List the prime factors of 387079932.
2, 3, 19, 1697719
What are the prime factors of 48863442?
2, 3, 8143907
What are the prime factors of 60826097?
60826097
List the prime factors of 891038021.
29, 269, 114221
List the prime factors of 12691037.
37, 71, 4831
What are the prime factors of 1350704617?
263, 5135759
List the prime factors of 1219212218.
2, 7, 1579, 7879
List the prime factors of 391591950.
2, 3, 5, 2610613
List the prime factors of 237736376.
2, 53, 271, 2069
List the prime factors of 2084235555.
3, 5, 31, 4482227
List the prime factors of 3017018880.
2, 3, 5, 43649
List the prime factors of 760976222.
2, 3313, 114847
What are the prime factors of 11253439?
17, 37, 17891
List the prime factors of 1945278917.
337, 5772341
What are the prime factors of 25696149?
3, 53, 161611
What are the prime factors of 37965354?
2, 3, 7, 109, 8293
What are the prime factors of 4975252540?
2, 5, 248762627
List the prime factors of 49677114.
2, 3, 569, 14551
What are the prime factors of 1597628849?
1597628849
List the prime factors of 464464534.
2, 71, 653, 5009
List the prime factors of 274019085.
3, 5, 1307, 1553
List the prime factors of 40969346.
2, 11, 1862243
List the prime factors of 2670342189.
3, 890114063
What are the prime factors of 4464371258?
2, 17, 131305037
List the prime factors of 1172407738.
2, 18251, 32119
List the prime factors of 1801330663.
11, 19, 53, 137, 1187
List the prime factors of 692008983.
3, 76889887
List the prime factors of 160217466.
2, 3, 677, 39443
What are the prime factors of 2103085109?
23, 3517, 25999
What are the prime factors of 35545293?
3, 7, 107, 5273
What are the prime factors of 74821761?
3, 7, 41, 83, 349
What are the prime factors of 15391070?
2, 5, 881, 1747
What are the prime factors of 74435492?
2, 2909, 6397
List the prime factors of 3233837777.
37, 293, 317, 941
List the prime factors of 506637460.
2, 5, 7, 516977
List the prime factors of 164605089.
3, 11, 23, 137, 1583
List the prime factors of 2542458700.
2, 5, 37, 687151
What are the prime factors of 34076806?
2, 17, 1002259
What are the prime factors of 17736559?
17, 41, 25447
List the prime factors of 395258737.
41, 9640457
What are the prime factors of 1264445232?
2, 3, 26342609
List the prime factors of 51382458.
2, 3, 587, 1621
List the prime factors of 104439612.
2, 3, 8703301
List the prime factors of 3318904313.
79, 42011447
List the prime factors of 2063098458.
2, 3, 53, 107, 6737
List the prime factors of 93589099.
93589099
What are the prime factors of 199063387?
17, 11709611
List the prime factors of 231150110.
2, 5, 191, 121021
List the prime factors of 3700746705.
3, 5, 79, 3122993
What are the prime factors of 60012062?
2, 11, 2727821
List the prime factors of 337795384.
2, 42224423
List the prime factors of 125455141.
7, 353, 7253
What are the prime factors of 19161630?
2, 3, 5, 70969
What are the prime factors of 55073064?
2, 3, 17, 347, 389
List the prime factors of 955019117.
13, 73463009
List the prime factors of 5640746407.
43, 47, 1459, 1913
List the prime factors of 2703614818.
2, 929, 1455121
What are the prime factors of 1073652098?
2, 23, 113, 206551
What are the prime factors of 188777889?
3, 1373, 15277
What are the prime factors of 7364229003?
3, 818247667
What are the prime factors of 45229369?
47, 907, 1061
What are the prime factors of 108545845?
5, 1171, 18539
What are the prime factors of 8148099322?
2, 11, 370368151
What are the prime factors of 652544756?
2, 5303, 30763
What are the prime factors of 50172722?
2, 4289, 5849
What are the prime factors of 31014545?
5, 17, 113, 3229
What are the prime factors of 356254770?
2, 3, 5, 601, 19759
List the prime factors of 1946096711.
13, 47, 3185101
List the prime factors of 12581624.
2, 11, 142973
What are the prime factors of 289258372?
2, 13, 449, 953
List the prime factors of 153743082.
2, 3, 1789, 14323
List the prime factors of 75818308.
2, 151, 125527
What are the prime factors of 23296348?
2, 1249, 4663
List the prime factors of 1939374579.
3, 41, 431, 36583
What are the prime factors of 389642444?
2, 2953, 32987
What are the prime factors of 461998288?
2, 89, 324437
List the prime factors of 1329188235.
3, 5, 88612549
List the prime factors of 715465338.
2, 3, 7, 53, 321413
List the prime factors of 185412634.
2, 11, 127, 66361
List the prime factors of 65657298.
2, 3, 7, 17, 91957
List the prime factors of 441388874.
2, 29, 283, 26891
What are the prime factors of 230441608?
2, 3643, 7907
List the prime factors of 22375297.
7, 23, 138977
List the prime factors of 817132244.
2, 10037, 20353
List the prime factors of 61107610.
2, 5, 19, 321619
List the prime factors of 2943657111.
3, 31, 89, 355643
List the prime factors of 79030551.
3, 26343517
List the prime factors of 1574965949.
71, 1123, 19753
What are the prime factors of 5416713?
3, 22291
List the prime factors of 25093939.
13, 59, 32717
List the prime factors of 177533062.
2, 7, 12680933
What are the prime factors of 1653052015?
5, 3673, 90011
List the prime factors of 531924458.
2, 13, 17, 7121
What are the prime factors of 655454188?
2, 163863547
List the prime factors of 69677901.
3, 41, 20981
List the prime factors of 56531286.
2, 3, 7, 23, 19507
List the prime factors of 104585954.
2, 11, 433, 10979
What are the prime factors of 682238254?
2, 17, 83, 14221
What are the prime factors of 983626717?
23, 42766379
List the prime factors of 36273825.
3, 5, 7, 853
List the prime factors of 3667438383.
3, 7, 929, 187987
What are the prime factors of 747497141?
31, 3739, 6449
What are the prime factors of 33156447?
3, 599, 18451
List the prime factors of 92337538.
2, 46168769
What are the prime factors of 412716644?
2, 103179161
List the prime factors of 79337919.
3, 26445973
List the prime factors of 26384763.
3, 8794921
List the prime factors of 7802445437.
19, 410655023
What are the prime factors of 1823700929?
1823700929
What are the prime factors of 114804892?
2, 193, 148711
List the prime factors of 651162257.
651162257
List the prime factors of 111099092.
2, 13, 127, 16823
What are the pr